{"id":207,"date":"2024-03-15T04:45:01","date_gmt":"2024-03-15T03:45:01","guid":{"rendered":"https:\/\/unimog404.de\/wordpress\/?page_id=207"},"modified":"2025-03-20T12:46:05","modified_gmt":"2025-03-20T11:46:05","slug":"allgemeine-informationen","status":"publish","type":"page","link":"https:\/\/historische-unimog.de\/999\/schwere-br1\/allgemeine-informationen\/","title":{"rendered":"Einf\u00fchrung in die Welt des Unimog"},"content":{"rendered":"<p>Hier finden Sie einen kleinen Abriss der Entstehungsgeschichte des Unimog in den Nachkriegswirren sowie eine kurze Beschreibung aller historischen Baureihen bis 1976 und eine Tabelle mit den wichtigsten technischen Daten aller Unimog-Baureihen bis zum heutigen Tage. Eine ausf\u00fchrliche Erl\u00e4uterung der etwas verwirrenden (doppelten) Namensgebung der Unimog-Modelle sowie eine kurze Erl\u00e4uterung der baureihen\u00fcbergreifenden spezifischen Unimog-Technik runden diesen Bereich der Website ab.<\/p>\n<p>&nbsp;<\/p>\n<p><a href=\"http:\/\/historische-unimog.de\/999\/schwere-br1\/geschichte-der-unimog-fahrzeuge\/\">Die Geschichte des Unimog &#8211; 1945 bis 1949<\/a><\/p>\n<p><a href=\"http:\/\/historische-unimog.de\/999\/schwere-br1\/unimog-geschichte-ab-1950\/\">Weitere Entwicklung von 1950 bis 1956<\/a><\/p>\n<p><a href=\"http:\/\/historische-unimog.de\/999\/schwere-br1\/die-naechstfolgenden-unimog-baureihen-nach-dem-404\/\">Beschreibung: Unimog-Baureihen bis 1976<\/a><\/p>\n<p><a href=\"http:\/\/historische-unimog.de\/999\/schwere-br1\/namensgebung-des-unimog-404\/\">Erkl\u00e4rung der Unimog-Typenbezeichnungen<\/a><\/p>\n<p><a href=\"http:\/\/historische-unimog.de\/999\/schwere-br1\/technik-der-historischen-unimog\/\">Baureihen\u00fcbergreifende Unimog-Technik<\/a><\/p>\n<p><a href=\"http:\/\/historische-unimog.de\/999\/schwere-br1\/tabellarische-kurzuebersicht-ueber-alle-unimog-bis-heute\/\">Tabellen: Alle Unimog-Baureihen bis heute<\/a><\/p>\n<p>&nbsp;<\/p>\n","protected":false},"excerpt":{"rendered":"<p>Hier finden Sie einen kleinen Abriss der Entstehungsgeschichte des Unimog in den Nachkriegswirren sowie eine kurze Beschreibung aller historischen Baureihen bis 1976 und eine Tabelle mit den wichtigsten technischen Daten aller Unimog-Baureihen bis zum heutigen Tage. Eine ausf\u00fchrliche Erl\u00e4uterung der etwas verwirrenden (doppelten) Namensgebung der Unimog-Modelle sowie eine kurze Erl\u00e4uterung der baureihen\u00fcbergreifenden spezifischen Unimog-Technik runden&hellip; <a class=\"more-link\" href=\"https:\/\/historische-unimog.de\/999\/schwere-br1\/allgemeine-informationen\/\"><span class=\"screen-reader-text\">Einf\u00fchrung in die Welt des Unimog<\/span> weiterlesen<\/a><\/p>\n","protected":false},"author":1,"featured_media":0,"parent":0,"menu_order":0,"comment_status":"closed","ping_status":"closed","template":"","meta":{"footnotes":""},"_links":{"self":[{"href":"https:\/\/historische-unimog.de\/999\/schwere-br1\/wp-json\/wp\/v2\/pages\/207"}],"collection":[{"href":"https:\/\/historische-unimog.de\/999\/schwere-br1\/wp-json\/wp\/v2\/pages"}],"about":[{"href":"https:\/\/historische-unimog.de\/999\/schwere-br1\/wp-json\/wp\/v2\/types\/page"}],"author":[{"embeddable":true,"href":"https:\/\/historische-unimog.de\/999\/schwere-br1\/wp-json\/wp\/v2\/users\/1"}],"replies":[{"embeddable":true,"href":"https:\/\/historische-unimog.de\/999\/schwere-br1\/wp-json\/wp\/v2\/comments?post=207"}],"version-history":[{"count":66,"href":"https:\/\/historische-unimog.de\/999\/schwere-br1\/wp-json\/wp\/v2\/pages\/207\/revisions"}],"predecessor-version":[{"id":3752,"href":"https:\/\/historische-unimog.de\/999\/schwere-br1\/wp-json\/wp\/v2\/pages\/207\/revisions\/3752"}],"wp:attachment":[{"href":"https:\/\/historische-unimog.de\/999\/schwere-br1\/wp-json\/wp\/v2\/media?parent=207"}],"curies":[{"name":"wp","href":"https:\/\/api.w.org\/{rel}","templated":true}]}}