{"id":2620,"date":"2024-04-24T07:31:59","date_gmt":"2024-04-24T05:31:59","guid":{"rendered":"https:\/\/historische-unimog.de\/wordpress\/?page_id=2620"},"modified":"2024-05-13T20:19:04","modified_gmt":"2024-05-13T18:19:04","slug":"unimog-406","status":"publish","type":"page","link":"https:\/\/historische-unimog.de\/999\/schwere-br1\/unimog-406\/","title":{"rendered":"Unimog 406 (1963-1989)"},"content":{"rendered":"<figure id=\"attachment_2871\" aria-describedby=\"caption-attachment-2871\" style=\"width: 300px\" class=\"wp-caption alignright\"><img loading=\"lazy\" decoding=\"async\" class=\"wp-image-2871 size-medium\" src=\"http:\/\/historische-unimog.de\/999\/schwere-br1\/wp-content\/uploads\/2024\/04\/F2B3EB18-3F54-4AAD-9E6A-4CB19591D813-Photoroom.png-Photoroom-2-300x226.png\" alt=\"\" width=\"300\" height=\"226\" srcset=\"https:\/\/historische-unimog.de\/999\/schwere-br1\/wp-content\/uploads\/2024\/04\/F2B3EB18-3F54-4AAD-9E6A-4CB19591D813-Photoroom.png-Photoroom-2-300x226.png 300w, https:\/\/historische-unimog.de\/999\/schwere-br1\/wp-content\/uploads\/2024\/04\/F2B3EB18-3F54-4AAD-9E6A-4CB19591D813-Photoroom.png-Photoroom-2-1024x773.png 1024w, https:\/\/historische-unimog.de\/999\/schwere-br1\/wp-content\/uploads\/2024\/04\/F2B3EB18-3F54-4AAD-9E6A-4CB19591D813-Photoroom.png-Photoroom-2-768x580.png 768w, https:\/\/historische-unimog.de\/999\/schwere-br1\/wp-content\/uploads\/2024\/04\/F2B3EB18-3F54-4AAD-9E6A-4CB19591D813-Photoroom.png-Photoroom-2.png 1280w\" sizes=\"(max-width: 300px) 100vw, 300px\" \/><figcaption id=\"caption-attachment-2871\" class=\"wp-caption-text\"><small><small><b> Unimog 406 <\/b><br \/><a href=\"https:\/\/commons.wikimedia.org\/wiki\/File:1976_Unimog_406_(7316378108).jpg\">Free Photo World<\/a>, <a href=\"https:\/\/creativecommons.org\/licenses\/by\/2.0\">CC BY 2.0<\/a><\/small><\/small><\/figcaption><\/figure>\n<p>Von <strong>1963<\/strong> bis 1989 kam der <strong>Unimog 406<\/strong> (BxLxH etwa 2,10m x 4,10m x 2,30m) zur Unimog-Fahrzeugfamilie hinzu und begr\u00fcndete mit bis zu fast 6 Liter Hubraum gro\u00dfen Dieselmotoren aus dem LKW-Bereich und bis zu 84 PS die sogenannte \u00bbmittelschwere Baureihe\u00ab, die aber anf\u00e4nglich noch \u00bbschwere Baureihe\u00ab genannt wurde, bis der Unimog 425 erschien.\u00a0Den damaligen Markterfordernissen angepasst, stellte der Unimog 406 nach dem Ur-Unimog mit seinen Weiterentwicklungen\u00a0(2010, 401, 402, 411 und sp\u00e4ter dem 421) und nach dem Unimog 404 <strong>das dritte Fahrzeugkonzept<\/strong>\u00a0innerhalb der Fahrzeugfamilie dar. Er war etwa so breit wie der 404, aber mit etwa 4,10 m L\u00e4nge deutlich k\u00fcrzer. Somit lag er von den Dimensionen her zwischen den kompakten Ur-Unimog Typen und dem Unimog 404. Erstmals kam im Unimog 406 das Getriebe UG2\/27 zum Einsatz. Auch in den hier nachfolgend aufgelisteten Unimog-Baureihen wurde es verbaut, bis einschlie\u00dflich dem Unimog 413. \u2026 Von 1986 bis 1991 wurde zudem der <strong>Unimog 419\u00a0<\/strong>gebaut, der ein modifizierter Unimog 406 f\u00fcr die Pioniere des US-Milit\u00e4rs war, vertrieben unter dem Namen der Daimler-US-Tocher Freightliner. Insgesamt knapp 2.500 Mal wurde er gebaut, mit unterschiedlichen Anbauteilen wie Heckbagger oder Frontlader. Alle Exemplare dieses auch \u201eSEE Tractor\u201c genannten Fahrzeugs gingen an die US-Army. \u2026 <span style=\"color: var(--global--color-primary); font-family: var(--list--font-family); font-size: var(--global--font-size-base); background-color: var(--global--color-background);\">Vom Unimog 406 wurden etwa 37.000 St\u00fcck gebaut. <\/span>Verkaufsbezeichnungen des Unimog 406:\u00a0<strong>U65, U70, U80, U84 (U900)<br \/>\n<\/strong><\/p>\n<p>&nbsp;<\/p>\n<p><strong>Diese Seite wird demn\u00e4chst durch eine ausf\u00fchrliche Typenkunde erg\u00e4nzt, mit den Spezifika der Baureihe und ihren Ver\u00e4nderungen im Laufe der Produktionszeit.<\/strong><\/p>\n<div class=\"entry-content\"><\/div>\n<footer class=\"entry-footer default-max-width\"><\/footer>\n","protected":false},"excerpt":{"rendered":"<p>Von 1963 bis 1989 kam der Unimog 406 (BxLxH etwa 2,10m x 4,10m x 2,30m) zur Unimog-Fahrzeugfamilie hinzu und begr\u00fcndete mit bis zu fast 6 Liter Hubraum gro\u00dfen Dieselmotoren aus dem LKW-Bereich und bis zu 84 PS die sogenannte \u00bbmittelschwere Baureihe\u00ab, die aber anf\u00e4nglich noch \u00bbschwere Baureihe\u00ab genannt wurde, bis der Unimog 425 erschien.\u00a0Den damaligen&hellip; <a class=\"more-link\" href=\"https:\/\/historische-unimog.de\/999\/schwere-br1\/unimog-406\/\"><span class=\"screen-reader-text\">Unimog 406 (1963-1989)<\/span> weiterlesen<\/a><\/p>\n","protected":false},"author":1,"featured_media":0,"parent":0,"menu_order":0,"comment_status":"closed","ping_status":"closed","template":"","meta":{"footnotes":""},"_links":{"self":[{"href":"https:\/\/historische-unimog.de\/999\/schwere-br1\/wp-json\/wp\/v2\/pages\/2620"}],"collection":[{"href":"https:\/\/historische-unimog.de\/999\/schwere-br1\/wp-json\/wp\/v2\/pages"}],"about":[{"href":"https:\/\/historische-unimog.de\/999\/schwere-br1\/wp-json\/wp\/v2\/types\/page"}],"author":[{"embeddable":true,"href":"https:\/\/historische-unimog.de\/999\/schwere-br1\/wp-json\/wp\/v2\/users\/1"}],"replies":[{"embeddable":true,"href":"https:\/\/historische-unimog.de\/999\/schwere-br1\/wp-json\/wp\/v2\/comments?post=2620"}],"version-history":[{"count":26,"href":"https:\/\/historische-unimog.de\/999\/schwere-br1\/wp-json\/wp\/v2\/pages\/2620\/revisions"}],"predecessor-version":[{"id":3589,"href":"https:\/\/historische-unimog.de\/999\/schwere-br1\/wp-json\/wp\/v2\/pages\/2620\/revisions\/3589"}],"wp:attachment":[{"href":"https:\/\/historische-unimog.de\/999\/schwere-br1\/wp-json\/wp\/v2\/media?parent=2620"}],"curies":[{"name":"wp","href":"https:\/\/api.w.org\/{rel}","templated":true}]}}